nder when 6413717 is divided by 151?
143
Calculate the remainder when 72184065 is divided by 320818.
15
Calculate the remainder when 1125843 is divided by 281458.
11
Calculate the remainder when 231352897 is divided by 346.
343
Calculate the remainder when 8724544 is divided by 198285.
4
Calculate the remainder when 144261677 is divided by 588.
581
Calculate the remainder when 117615 is divided by 19.
5
What is the remainder when 42086698 is divided by 202?
200
Calculate the remainder when 3412695 is divided by 389.
387
What is the remainder when 2323734 is divided by 3912?
6
Calculate the remainder when 656052 is divided by 3093.
336
Calculate the remainder when 2524840 is divided by 3358.
2982
Calculate the remainder when 540481 is divided by 149.
58
Calculate the remainder when 30555910 is divided by 874.
870
Calculate the remainder when 116518476 is divided by 199.
195
Calculate the remainder when 2212794 is divided by 257.
24
Calculate the remainder when 1865298 is divided by 1865297.
1
Calculate the remainder when 2553886 is divided by 54.
10
What is the remainder when 33950 is divided by 2192?
1070
Calculate the remainder when 12352 is divided by 1810.
1492
Calculate the remainder when 32639279 is divided by 164.
163
What is the remainder when 34401 is divided by 3435?
51
Calculate the remainder when 59508 is divided by 32.
20
What is the remainder when 73268 is divided by 5370?
3458
Calculate the remainder when 2622206 is divided by 17477.
656
Calculate the remainder when 107085376 is divided by 123.
100
What is the remainder when 12177325 is divided by 59113?
47
What is the remainder when 14014454 is divided by 6558?
8
Calculate the remainder when 75667 is divided by 75620.
47
Calculate the remainder when 127191 is divided by 6055.
36
What is the remainder when 19290736 is divided by 546?
10
What is the remainder when 697915 is divided by 139580?
15
What is the remainder when 278293 is divided by 1169?
71
What is the remainder when 48892 is divided by 19?
5
Calculate the remainder when 6322 is divided by 2876.
570
Calculate the remainder when 249232 is divided by 17588.
3000
What is the remainder when 630845 is divided by 210119?
488
Calculate the remainder when 862490 is divided by 81.
2
Calculate the remainder when 29924771 is divided by 6.
5
Calculate the remainder when 1608649 is divided by 804056.
537
Calculate the remainder when 123044 is divided by 398.
62
Calculate the remainder when 347757 is divided by 4883.
1064
Calculate the remainder when 2548691 is divided by 50.
41
What is the remainder when 11222229 is divided by 3740742?
3
What is the remainder when 406159 is divided by 406124?
35
What is the remainder when 5145705 is divided by 369?
0
What is the remainder when 18355326 is divided by 966068?
34
What is the remainder when 2315565 is divided by 1218?
147
Calculate the remainder when 556207 is divided by 46346.
55
What is the remainder when 163625 is divided by 273?
98
What is the remainder when 276308075 is divided by 74?
67
Calculate the remainder when 228038 is divided by 531.
239
Calculate the remainder when 244450864 is divided by 6.
4
What is the remainder when 19562 is divided by 4163?
2910
Calculate the remainder when 19973559 is divided by 43.
16
Calculate the remainder when 27760588 is divided by 16.
12
What is the remainder when 370053 is divided by 60?
33
What is the remainder when 675105 is divided by 584?
1
Calculate the remainder when 1573059 is divided by 143005.
4
Calculate the remainder when 103561 is divided by 14781.
94
Calculate the remainder when 114582 is divided by 6018.
240
Calculate the remainder when 1308888 is divided by 6678.
0
Calculate the remainder when 1393850 is divided by 7072.
666
What is the remainder when 16455 is divided by 7862?
731
Calculate the remainder when 174729927 is divided by 214.
211
Calculate the remainder when 1526177 is divided by 3303.
191
What is the remainder when 654412 is divided by 325413?
3586
What is the remainder when 10894765 is divided by 5447372?
21
Calculate the remainder when 17956320 is divided by 204.
36
What is the remainder when 851115 is divided by 425391?
333
What is the remainder when 243159 is divided by 47883?
3744
Calculate the remainder when 7376870 is divided by 3550.
3520
Calculate the remainder when 13416854 is divided by 129008.
22
What is the remainder when 451357 is divided by 112555?
1137
What is the remainder when 61574 is divided by 203?
65
What is the remainder when 324834 is divided by 1337?
1280
Calculate the remainder when 820371 is divided by 243.
3
What is the remainder when 192510917 is divided by 358?
355
Calculate the remainder when 147432 is divided by 9821.
117
What is the remainder when 1285345 is divided by 839?
836
Calculate the remainder when 35368 is divided by 14812.
5744
What is the remainder when 83465 is divided by 27810?
35
What is the remainder when 1738997 is divided by 631?
592
What is the remainder when 231942904 is divided by 3614?
3612
What is the remainder when 532321 is divided by 76?
17
Calculate the remainder when 21752996 is divided by 56945.
6
Calculate the remainder when 11663771 is divided by 85136.
139
What is the remainder when 313928 is divided by 5518?
4920
Calculate the remainder when 172161573 is divided by 436.
433
Calculate the remainder when 239350 is divided by 21.
13
Calculate the remainder when 12287 is divided by 1517.
151
What is the remainder when 3317227 is divided by 3080?
67
Calculate the remainder when 2020034 is divided by 197.
193
What is the remainder when 378911 is divided by 5191?
5159
What is the remainder when 4121 is divided by 611?
455
Calculate the remainder when 1674969 is divided by 8.
1
Calculate the remainder when 150637 is divided by 27.
4
What is the remainder when 13100159 is divided by 64?
63
Calculate the remainder when 3612669 is divided by 1318.
31
What is the remainder when 6393076 is divided by 2255?
151
What is the remainder when 610074884 is divided by 3335?
3334
What is the remainder when 1920678 is divided by 83506?
40
Calculate the remainder when 193411 is divided by 48293.
239
What is the remainder when 80631243 is divided by 26877080?
3
What is the remainder when 67194 is divided by 7281?
1665
What is the remainder when 79039 is divided by 918?
91
What is the remainder when 3256 is divided by 1843?
1413
What is the remainder when 50623044 is divided by 11353?
17
Calculate the remainder when 10158706 is divided by 141093.
10
What is the remainder when 56554 is divided by 28190?
174
What is the remainder when 403128 is divided by 4898?
1492
What is the remainder when 19620080 is divided by 39?
38
What is the remainder when 4007055 is divided by 1335510?
525
What is the remainder when 463588 is divided by 28?
20
What is the remainder when 1027486 is divided by 2191?
2098
Calculate the remainder when 113882 is divided by 270.
212
Calculate the remainder when 5362465 is divided by 170.
155
What is the remainder when 12435410 is divided by 401?
400
What is the remainder when 2991619 is divided by 427361?
92
Calculate the remainder when 1020682076 is divided by 26.
24
Calculate the remainder when 78775 is divided by 364.
151
Calculate the remainder when 45698253 is divided by 22849112.
29
What is the remainder when 33635306 is divided by 69?
14
Calculate the remainder when 2733151 is divided by 37.
35
Calculate the remainder when 3200199 is divided by 24.
15
Calculate the remainder when 35591465 is divided by 17795718.
29
Calculate the remainder when 540965 is divided by 270385.
195
Calculate the remainder when 26538741 is divided by 86.
1
What is the remainder when 19817533 is divided by 309648?
61
What is the remainder when 822188 is divided by 822162?
26
Calculate the remainder when 51643670 is divided by 379.
372
What is the remainder when 554890 is divided by 11234?
4424
Calculate the remainder when 8007481 is divided by 3094.
209
What is the remainder when 112518498 is divided by 1039?
1032
Calculate the remainder when 198789 is divided by 789.
750
Calculate the remainder when 4734731 is divided by 19728.
11
What is the remainder when 134903 is divided by 33?
32
What is the remainder when 57266506 is divided by 77?
66
Calculate the remainder when 3